827 a composite number?
True
Is 14905288403 prime?
True
Is 514558071395 a prime number?
False
Is 11359250633 a composite number?
False
Is 3740832133 prime?
False
Is 1538716753 a prime number?
False
Is 176593463 composite?
True
Is 38755373581 prime?
True
Is 142194289 composite?
True
Is 80250714031 a composite number?
True
Is 168448153 prime?
False
Is 53413092559 a prime number?
False
Is 58442018771 composite?
False
Is 3716072123 a composite number?
True
Is 123578963 a prime number?
False
Is 7946560471 a composite number?
False
Is 30670379233 a composite number?
True
Is 63532570223 prime?
True
Is 3599807641 prime?
True
Is 32377937351 composite?
True
Is 4959154463 composite?
False
Is 1372514659 a composite number?
True
Is 398943353 a prime number?
True
Is 28341096067 a composite number?
False
Is 716862239 a composite number?
True
Is 769260707 a prime number?
True
Is 95786172439 a composite number?
True
Is 3297804137 prime?
True
Is 35007302965 a composite number?
True
Is 59409073 composite?
False
Is 33629659769 a composite number?
False
Is 40487591899 composite?
True
Is 3893193209 composite?
False
Is 14796151711 composite?
True
Is 694802273 a prime number?
False
Is 5504763191 prime?
True
Is 1055541121 composite?
False
Is 3122983477 a prime number?
False
Is 14079667795 a prime number?
False
Is 13135753903 a prime number?
False
Is 1178901401 a composite number?
False
Is 405114548929 a prime number?
True
Is 1281738223 prime?
True
Is 51410774353 a composite number?
False
Is 21198546379 prime?
True
Is 80553373 a composite number?
True
Is 2507597 prime?
True
Is 32215399 a prime number?
False
Is 46479121397 composite?
False
Is 1431411619 prime?
False
Is 5129256901 a prime number?
False
Is 3140405707 prime?
True
Is 108603842 prime?
False
Is 102451919 a composite number?
False
Is 13217173687 prime?
False
Is 3579296849 prime?
True
Is 618110699 composite?
True
Is 2947599157 a prime number?
True
Is 563424091 a composite number?
True
Is 14239895713 composite?
True
Is 924659399 prime?
True
Is 1173247631 composite?
False
Is 3983940431 prime?
True
Is 971446043 composite?
False
Is 81708141887 a composite number?
True
Is 3792492355 a composite number?
True
Is 52923204757 prime?
False
Is 13530757 a composite number?
False
Is 2625105865 prime?
False
Is 245342221 a prime number?
False
Is 1027518185 a composite number?
True
Is 13367994043 prime?
True
Is 165140771 composite?
True
Is 106263567881 composite?
False
Is 5666769067 prime?
False
Is 70972384801 prime?
False
Is 11986901609 a prime number?
True
Is 2641475159 prime?
False
Is 38398936943 prime?
False
Is 130203069779 prime?
True
Is 16203028619 a composite number?
False
Is 2546416963 a composite number?
True
Is 1374723949 composite?
False
Is 24241294297 a composite number?
True
Is 9670510573 composite?
True
Is 12323174627 prime?
False
Is 7594324811 a prime number?
True
Is 513984871 prime?
False
Is 18666810839 composite?
True
Is 378663245 composite?
True
Is 627047099 a composite number?
True
Is 359322193 a prime number?
True
Is 82289415661 composite?
False
Is 101189085043 prime?
False
Is 19713369433 composite?
True
Is 97161689 composite?
False
Is 2223046006 prime?
False
Is 251455333 prime?
True
Is 2785478693 composite?
True
Is 118390064789 prime?
True
Is 1991510377 prime?
True
Is 6957176729 composite?
False
Is 7696490279 prime?
False
Is 5949210313 composite?
False
Is 16599746707 a composite number?
False
Is 677836319 prime?
False
Is 30755864357 prime?
False
Is 28115693083 a prime number?
False
Is 2900578847 prime?
False
Is 6768552881 prime?
False
Is 3967000781 prime?
False
Is 8617013 prime?
False
Is 9468433019 prime?
True
Is 3183208573 composite?
True
Is 152437462657 prime?
False
Is 343295551 prime?
True
Is 1892685658 prime?
False
Is 83140409705 a prime number?
False
Is 80375054469 a prime number?
False
Is 687798941 a prime number?
True
Is 927645007 prime?
True
Is 7714170157 a composite number?
True
Is 1634904269 prime?
True
Is 54889811 a composite number?
True
Is 226545083 prime?
True
Is 19326278911 a prime number?
True
Is 38445844039 prime?
True
Is 240400367 a prime number?
False
Is 394087580111 prime?
False
Is 777068035 a prime number?
False
Is 2465284489 prime?
False
Is 2821207826 a composite number?
True
Is 163836459629 composite?
False
Is 26543733739 prime?
False
Is 4255196597 composite?
False
Is 4838721263 a prime number?
False
Is 53392861 composite?
True
Is 286944521 a prime number?
True
Is 12944126311 prime?
False
Is 18443549963 composite?
False
Is 71308459 composite?
False
Is 19889274529 prime?
False
Is 496101239 composite?
False
Is 651025267 a composite number?
False
Is 4454129357 a composite number?
False
Is 2129351781 prime?
False
Is 414114413 composite?
False
Is 3061459 a composite number?
False
Is 4699387003 a composite number?
False
Is 1317725713 a composite number?
False
Is 1324468703 a prime number?
False
Is 5733518179 a composite number?
False
Is 65044711 composite?
False
Is 14979032599 a prime number?
True
Is 1897711129 composite?
False
Is 26425803363 prime?
False
Is 4536114823 composite?
True
Is 8393647907 composite?
False
Is 6261921109 prime?
False
Is 1618123051 a composite number?
False
Is 25435403453 a composite number?
False
Is 635854946 a prime number?
False
Is 4443362839 prime?
True
Is 62520290531 a composite number?
False
Is 13080155797 a composite number?
True
Is 15318915371 a prime number?
True
Is 38781329 a composite number?
True
Is 1219815491 a composite number?
False
Is 24862927697 a prime number?
True
Is 455034353 composite?
False
Is 2159538619 prime?
False
Is 13066323547 composite?
False
Is 34076828281 a prime number?
True
Is 4377664099 composite?
False
Is 3642207449 a prime number?
False
Is 1736703511 prime?
True
Is 9988417619 prime?
True
Is 222401048299 composite?
False
Is 3735935461 a prime number?
True
Is 100448531 composite?
False
Is 22666775893 prime?
True
Is 2536658939 a prime number?
True
Is 27797722177 a prime number?
False
Is 64498511695 a prime number?
False
Is 5747894767 a composite number?
False
Is 2404951981 prime?
True
Is 982278421 a composite number?
True
Is 1044704119 composite?
False
Is 4334358823 prime?
False
Is 34260575837 composite?
True
Is 1339405909 a prime number?
True
Is 423181327 a prime number?
True
Is 200750224891 a prime number?
True
Is 18822424273 a prime number?
False
Is 41655793 a prime number?
True
Is 360296429 prime?
True
Is 4248387701 a composite number?
False
Is 85552577323 composite?
True
Is 1243832263 a prime number?
True
Is 60811275461 a composite number?
False
Is 29336964843 composite?
True
Is 507633937 a composite number?
False
Is 32654987843 a prime number?
False
Is 4810171511 a composite number?
False
Is 38393079337 a prime number?
False
Is 5511689234 a prime number?
False
Is 374684087 prime?
True
Is 1312549559 a composite number?
False
Is 64052836949 prime?
False
Is 41963574377 a composite number?
True
Is 439479057 a composite number?
True
Is 43362034309 composite?
True
Is 4218339331 a prime number?
False
Is 5758363937 a composite number?
False
Is 768226187 a prime number?
True
Is 132879946919 composite?
False
Is 14646727047 a prime number?
False
Is 12099557017 a prime number?
True
Is 1755473 composite?
True
Is 2556997921 composite?
True
Is 6353661709 prime?
True
Is 33999413 prime?
False
Is 3242952289 a composite number?
True
Is 91394001607 a prime number?
True
Is 4943883647 a prime number?
False
Is 1491985303 prime?
True
Is 480173189 a prime number?
False
Is 845776873 a composite number?
False
Is 43869898411 composite?
False
Is 1472152291 prime?
True
Is 294287887 a composite number?
True
Is 139287699305 a composite number?
True
Is 3502228591 a prime number?
True
Is 2190112603 composite?
True
Is 3705594671 composite?
False
Is 3010942957 composite?
True
Is 1174651603 a composite number?
False
Is 6844324285 composite?
True
Is 52612845407 prime?
True
Is 770469647 composite?
False
Is 7715653901 a prime number?
False
Is 4483343815 prime?
False
Is 253522561 a composite number?
False
Is 7000057 prime?
True
Is 87221724809 a prime number?
True
Is 173926784758 a composite number?
True
Is 485633471 a prime number?
False
Is 224983645 a prime number?
False
Is 5887517497 a composite number?
True
Is 12496129673 a prime number?
False
Is 778471277 comp